 -28?
55
(-11 + 22 - 107) + (5 - -8) - -4 - -10
-69
-42 - (-25 + 27 - (1 - 23) - 22)
-44
What is -9 + 8 + 3 + (-7 - 74 - -30)?
-49
Evaluate (6 + -2 - 62) + -314 + 293.
-79
What is -150 - -94 - (26 + -10 + -21)?
-51
Calculate -7 - (-16 - (26 + (11 - 12))).
34
What is the value of -1 - ((5 - 32) + (5 - (14 + -5)) - -8)?
22
What is the value of (-34 - 11) + 169 - (4 - 0 - -1 - 1)?
120
What is the value of -1 + 57 - (14 + -48 + 41 + -17)?
66
Evaluate -1 + (4 - 14) + (-330 - -393) - (-1 + -1).
54
What is the value of (40 - 4) + -24 + 16 + 18 + -24?
22
Calculate -39 - (87 + (15 - 70)).
-71
What is (21 - 10) + (-18 - 7) + 2?
-12
Calculate 20 + -26 + 42 + -22.
14
Calculate -53 + (-76 - (14 - 162)).
19
What is the value of -1 + -1 + -26 + 31 + -24 + 30 + -32?
-23
-18 + (21 + -71 - -106)
38
What is -23 + 0 - (-63 + -1 + -41)?
82
What is -3 + (0 + -1 - -1) + (1017 - 1063) - 3?
-52
13 + -1 - (284 + -94 + -285)
107
5 - 27 - ((-15 - (2 - -4)) + 12)
-13
What is the value of 33 - 6 - (431 - 260) - -6?
-138
What is the value of (-3 - (1 + -7)) + 1 - (-28 + 9 - -2)?
21
What is -53 + 61 - (-43 - (3 + -2 + 5 - 12))?
45
What is 0 + (17 - (34 + (12 - 11)))?
-18
Calculate -1 + -446 + 433 + 1 + 15.
2
Evaluate 2 - (4 - 8 - -5) - -6 - (7 + 18).
-18
What is 37 + 33 - (13 + -11 + (10 - 4))?
62
What is the value of -59 - (-15 - -30 - 52 - -22)?
-44
Evaluate -40 + (26 - (33 - 13) - 5) + -2.
-41
Evaluate (13 - 6) + (7 - (-8 + -6 + 15)).
13
Evaluate -23 - -16 - (-18 - -2).
9
Evaluate 16 + (-1 + (33 - 15 - 12) - 92).
-71
Calculate (-11 - ((-6 - -23) + -65)) + -3.
34
What is (310 - 314) + 5 + 0?
1
What is -75 + (77 - -25) + -80?
-53
Calculate 87 - (-29 - -2 - -11 - -43).
60
What is the value of 42 + -1 - (102 + 84 + -169)?
24
What is the value of 14 + -27 + (-2 - (21 + 24))?
-60
What is the value of (41 - -6 - -8) + (5 + -11 - 5)?
44
Evaluate -42 - (-64 - (32 + -83)).
-29
Calculate 2 + 15 - (253 + -176).
-60
Evaluate (7621 - 7494) + (-56 - 1).
70
Calculate (11 - 4 - 14) + (7 - 5) + -2 + -77.
-84
Evaluate 23 - -38 - (21 - (-1 - -2 - -6)).
47
What is the value of (-17 - -12 - -2) + (34 - (12 + -10))?
29
(-79 + -1 - (299 + -333) - (1 - -8)) + 0
-55
98 - 118 - ((-9 - -6) + -20)
3
Evaluate 147 + -140 - (9 - 8 - (1 - -1) - -61).
-53
118 + (4 + -4 - (-7 - (-7 - 13)))
105
Calculate -1 + -1 - (54 - (-22 + 67)) - (-6 + 38).
-43
Calculate -20 - ((-11 - -43) + (-32 - -43)).
-63
Calculate (-54 - 1) + 108 + -94.
-41
What is the value of 16 + -133 - (-3 + -4 + -24 + 16)?
-102
What is the value of -6 + 25 - (-1564 - -1619)?
-36
Calculate (1 + -9 - (19 + -15)) + -59 + -3 + 6.
-68
What is 8 - ((3 - -82) + (-73 - -18 - -45))?
-67
What is -43 + 1 - ((-36 + 56 - 4) + -12 + -3)?
-43
What is -217 + 220 - (2 + -8) - 4?
5
19 + -5 - (-37 - 23) - (8 + 4)
62
Calculate 30 + (-28 - (-36 + 46)) - (-57 - -1).
48
-8 + (47 - -2) + (-430 - -403)
14
What is (45 - 45) + (85 - (-2 - (7 + -14)) - 0)?
80
Evaluate 2 - (2 - -11) - (-27 - (-61 + -2 - 13)).
-60
What is the value of 10 + 3 + -13 + -22 + 18?
-4
Evaluate -37 - (146 + -143 + 13 + 1 - 11).
-43
Evaluate -129 + (106 - -161) - 103.
35
(254 - (37 - -255)) + (-4 - 0)
-42
What is the value of 129 + -15 - 106 - (1 + 2 + 37)?
-32
-6 + (-15 - -57) + -81
-45
Calculate 54 + 16 + 22 + -59.
33
Calculate -86 + 73 + -144 - -82.
-75
What is 5 - -41 - 104 - -101?
43
Calculate 5629 + -5663 + (-1 + 0 + -6 - 1).
-42
What is (2 - (0 + -24)) + (106 - 89)?
43
What is 3 - ((5 - (-7 - -10)) + 0)?
1
What is the value of (0 + -4 - (-95 + 56)) + -5?
30
Calculate -12 + -10 + 5 - 25 - (-1 - -1).
-42
What is (-2 - (5 + -30)) + (-35 - (-11 + 51))?
-52
(-143 - -104) + -40 + 8
-71
(-1 - -1 - 125) + (-237 - (-552 - -311))
-121
What is 6 + -6 + 18 + (-20 - (22 - 11))?
-13
-5 + (-24 - 0 - 18) + 12
-35
Calculate 401 + -380 - (9 - 23 - 6).
41
What is the value of (-15 + -11 + 40 + -22 - (0 - 7)) + 0?
-1
What is the value of 48 - (48 + -37 - (-8 - 10 - -10))?
29
What is -8 - 36 - ((31 - 20) + -13)?
-42
Calculate -23 - (5 - 28 - -54) - (-7 + 1).
-48
What is the value of -4 - (4 + 0) - (4 + (-91 - (1 - -17)))?
97
Evaluate -487 + 473 + 38 + -1 - 27.
-4
What is the value of -1011 + 984 + -2 + 82 - -10?
63
What is the value of -92 + (-92 - -202) + -88?
-70
What is -12 + -98 - (4 + 7 + -15) - (-44 + 43)?
-105
What is the value of 45 + 9 + 6 + (-11 - (-18 - -29))?
38
What is the value of (-3 - (-61 + 11 + 25)) + -146 + 14?
-110
Calculate -26 + 2 - (56 + 75 + -138).
-17
Evaluate -72 + -13 + 5 + (4 - -2 - 7) + -5.
-86
Evaluate (78 - 87) + -7 + -92 + 9 + 11.
-88
What is the value of 29 - (48 + -20 + -17 - 15)?
33
Calculate (-33 + -3 + 17 - -20 - -132) + 4 + -2.
135
Evaluate 1 + (9 - -1) + (-29 - 88) + 93 + -53.
-66
What is 58 + -25 + 13 - 82?
-36
What is -1 + -40 + 1022 + -1003?
-22
What is 44 + -1 - ((-23 - -10) + 27) - 14?
15
Evaluate (-34 - 40) + (6 - (-8 - -3)).
-63
What is the value of 6 + (-13 - -29) + -20 - 24?
-22
Evaluate (27 - (-2 + 21)) + (-15 - 18).
-25
5 + 8 + (-75 + -14 + 25 - 1)
-52
Calculate (-33 - -20 - -17) + 8 + 15.
27
Calculate (-15684 - -15712) + (-2 - (-2 + 103)).
-75
What is the value of 1 + -1 + (0 - (6 + 0 - 12)) + -61?
-55
Calculate 44 + -64 + 85 + (-7 - -1) + -3 + 1.
57
Calculate (7 + 16 - 2 - 28) + 17 + (0 - 4).
6
(8 - (14 - ((-14 - -2) + -9 + -21))) + -10
-58
What is (-26 - -11 - 35) + 11?
-39
What is the value of 68 - (64 - -80 - 142)?
66
9 + (-15 - 11) - (0 + -3) - -76
62
15 + (-2 - 9) - (-24 - 4)
32
Calculate 12 + -6 - (-36 - -1 - -7).
34
What is the value of -4 + 19 + -13 + 27 + -66?
-37
Evaluate (10 - -4 - (17 + -11) - 6) + -12.
-10
Calculate -107 + 272 + -74 + -65.
26
What is the value of (1382 - 1238) + (-20 - -3)?
127
-2 + -28 + -4 + -19 + -23 + (-8 - -2)
-82
Evaluate 13887 + -13992 + (1 - -212).
108
Evaluate 17 + 1 + -32 + 85 + -2.
69
What is the value of (27 - (-16 - -32 - 9)) + -38?
-18
Evaluate (-6 - (-58 + 60)) + 3 + 15 + 100.
110
Evaluate 17 + (-1 - (2 - -2) - 7) - 20.
-15
Calculate -1 + 38 + (566 - 556).
47
Evaluate (-41 - -50) + -90 - -30.
-51
Evaluate 2 + (29 - 27) + 0 + 50.
54
9 + -1 + -2 + (-17 + 47 + -6 - 27)
3
What is the value of (-15 + -13 - 15) + (6 - (7 + 2)) - 9?
-55
What is (-556 - -559) + (-5 - -13 - 6) + (-1 - -17)?
21
Evaluate -25 + 10 - (-5 + 10) - -33.
13
Calculate (-46 - (-100 + 51)) + 40.
43
Evaluate -85 + (26 - (-27 + 30)) + -17.
-79
What is the value of -7 + 0 + 2 + -55 + 121 + -27 + -78?
-44
What is the value of -1 + -2 + 7 + (-6 + -5 - -2) - 9?
-14
What is -1 + 50 + (-99 - -78)?
28
What is the value of 9 + 40 + 121 + -109 + -15 + 1?
47
(-21 - -44) + -4 - 23 - 5
-9
What is 15 + (15 + -40 + 38 + -29 - 47)?
-48
What is the value of -42 - -202 - 58 - 99?
3
What is the value of -5 - ((2 - (-4 - -5)) + -2 + (6 - 16))?
6
4753 + -4783 + (14 - (-2 - 4 - -2))
-12
26 + -1 + (-24 - (12 + -7 + -21))
17
Evaluate -29 + 128 + -205 - -108.
2
What is -75 + (30 - 35) - (-12 + -5 + 3)?
-66
Calculate 5 - 3 - (32 - (19 + 19)).
8
What is -205 - (-99 - -18) - -167?
43
Evaluate -19 + 113 + -164 + 5 + -1 + -20.
-86
Calculate 47 + -64 + -1 + -3 + 61.
40
-26 + 3 + 58 + -93
-58
Calculate -2 + -68 - (599 - 655).
-14
Calculate (120 - 84) + (-4 - 69).
-37
Evaluate -57 + 64 + 34 + (-5 - (6 - 8)) + 3.
41
Evaluate -15 - (-11 + (3 - 3) - -10) - -7.
-7
105 - (58 + 2 - -3)
42
Evaluate (-23 - 0) + 96 + (53 - 135) + -3 + -56.
-68
(-3 + -104 + -16 - 13) + (5 - 6) + -9
-146
Calculate 2 + 36 - (-9 - 122) - 44.
125
37 + -70 + 32 + (-1 - -39) - (-6 + -5)
48
What is (92 - 106) + 15 + -12 + -32?
-43
(-7 - -1 - -3 - (0 + 70)) + 1286 + -1286
-73
Calculate 240 - (-149 - -412) - ((-70 - -1) + 1).
45
-5 + (101 - (-78 - -136) - (-1 - (0 + 8)))
47
Evaluate 5 - (-16 - 6) - 18 - 87.
-78
What is the value of 20 + -11 + (-8 - -6) - 16 - 10?
-19
16 + 61 + -67 - (-1 - 1)
12
Evaluate -1780 - -1750 - (22 - (-6 + 1)).
-57
What is (-9 - (33 + (-60 - -28))) + 24?
14
Evaluate 4322 + -4272 + (2 + 0 - 2 - 7).
43
Evaluate -1 + 16 - 38 - 0.
-23
Calculate 2 - -13 - (5 - (-1 - 0)) - -29.
38
Calculate 1 + 14 - (-162 + 222).
-45
27 + (57 - -5 - 116)
-27
What is (8 - (12 + (2 - 29) + -108)) + 16 + -5?
142
-1059 - -1042 - (23 - (-1 - -3))
-38
What is 27 + (25 - 35) + (9 - (1 - -1))?
24
Calculate -1 + -28 + (15 - (22 - 22)) + 45.
31
What is the value of 191 + -52 - 173 - (-3 - -1)?
-32
Evaluate -3 + -80 + 204 + 